[INFO] cloning repository https://github.com/austinpgraham/rusty-redis
[INFO] running `Command { std: "git" "-c" "credential.helper=" "-c" "credential.helper=/workspace/cargo-home/bin/git-credential-null" "clone" "--bare" "https://github.com/austinpgraham/rusty-redis" "/workspace/cache/git-repos/https%3A%2F%2Fgithub.com%2Faustinpgraham%2Frusty-redis", kill_on_drop: false }`
[INFO] [stderr] Cloning into bare repository '/workspace/cache/git-repos/https%3A%2F%2Fgithub.com%2Faustinpgraham%2Frusty-redis'...
[INFO] running `Command { std: "git" "rev-parse" "HEAD", kill_on_drop: false }`
[INFO] [stdout] 003c310b8a2eee4619deb6ddbe7d26e66206f3e3
[INFO] checking austinpgraham/rusty-redis against master#e6e4f7ed1589e03bc2f6c5931c1a72e7947e8682 for beta-170-4
[INFO] running `Command { std: "git" "clone" "/workspace/cache/git-repos/https%3A%2F%2Fgithub.com%2Faustinpgraham%2Frusty-redis" "/workspace/builds/worker-0-tc2/source", kill_on_drop: false }`
[INFO] [stderr] Cloning into '/workspace/builds/worker-0-tc2/source'...
[INFO] [stderr] done.
[INFO] validating manifest of git repo https://github.com/austinpgraham/rusty-redis on toolchain e6e4f7ed1589e03bc2f6c5931c1a72e7947e8682
[INFO] running `Command { std: CARGO_HOME="/workspace/cargo-home" RUSTUP_HOME="/workspace/rustup-home" "/workspace/cargo-home/bin/cargo" "+e6e4f7ed1589e03bc2f6c5931c1a72e7947e8682" "metadata" "--manifest-path" "Cargo.toml" "--no-deps", kill_on_drop: false }`
[INFO] started tweaking git repo https://github.com/austinpgraham/rusty-redis
[INFO] finished tweaking git repo https://github.com/austinpgraham/rusty-redis
[INFO] tweaked toml for git repo https://github.com/austinpgraham/rusty-redis written to /workspace/builds/worker-0-tc2/source/Cargo.toml
[INFO] crate git repo https://github.com/austinpgraham/rusty-redis already has a lockfile, it will not be regenerated
[INFO] running `Command { std: CARGO_HOME="/workspace/cargo-home" RUSTUP_HOME="/workspace/rustup-home" "/workspace/cargo-home/bin/cargo" "+e6e4f7ed1589e03bc2f6c5931c1a72e7947e8682" "fetch" "--manifest-path" "Cargo.toml", kill_on_drop: false }`
[INFO] running `Command { std: "docker" "create" "-v" "/var/lib/crater-agent-workspace/builds/worker-0-tc2/target:/opt/rustwide/target:rw,Z" "-v" "/var/lib/crater-agent-workspace/builds/worker-0-tc2/source:/opt/rustwide/workdir:ro,Z" "-v" "/var/lib/crater-agent-workspace/cargo-home:/opt/rustwide/cargo-home:ro,Z" "-v" "/var/lib/crater-agent-workspace/rustup-home:/opt/rustwide/rustup-home:ro,Z" "-e" "SOURCE_DIR=/opt/rustwide/workdir" "-e" "CARGO_TARGET_DIR=/opt/rustwide/target" "-e" "CARGO_HOME=/opt/rustwide/cargo-home" "-e" "RUSTUP_HOME=/opt/rustwide/rustup-home" "-w" "/opt/rustwide/workdir" "-m" "1610612736" "--user" "0:0" "--network" "none" "ghcr.io/rust-lang/crates-build-env/linux@sha256:19e73879b68f455e41552ea35293514db52ea292d993f571636dbffedb77a1ee" "/opt/rustwide/cargo-home/bin/cargo" "+e6e4f7ed1589e03bc2f6c5931c1a72e7947e8682" "metadata" "--no-deps" "--format-version=1", kill_on_drop: false }`
[INFO] [stdout] 7164fa937b5bafca7a3b1f8f79b42dc62caf22883c37a81373c1e13ae0196b12
[INFO] running `Command { std: "docker" "start" "-a" "7164fa937b5bafca7a3b1f8f79b42dc62caf22883c37a81373c1e13ae0196b12", kill_on_drop: false }`
[INFO] running `Command { std: "docker" "inspect" "7164fa937b5bafca7a3b1f8f79b42dc62caf22883c37a81373c1e13ae0196b12", kill_on_drop: false }`
[INFO] running `Command { std: "docker" "rm" "-f" "7164fa937b5bafca7a3b1f8f79b42dc62caf22883c37a81373c1e13ae0196b12", kill_on_drop: false }`
[INFO] [stdout] 7164fa937b5bafca7a3b1f8f79b42dc62caf22883c37a81373c1e13ae0196b12
[INFO] running `Command { std: "docker" "create" "-v" "/var/lib/crater-agent-workspace/builds/worker-0-tc2/target:/opt/rustwide/target:rw,Z" "-v" "/var/lib/crater-agent-workspace/builds/worker-0-tc2/source:/opt/rustwide/workdir:ro,Z" "-v" "/var/lib/crater-agent-workspace/cargo-home:/opt/rustwide/cargo-home:ro,Z" "-v" "/var/lib/crater-agent-workspace/rustup-home:/opt/rustwide/rustup-home:ro,Z" "-e" "SOURCE_DIR=/opt/rustwide/workdir" "-e" "CARGO_TARGET_DIR=/opt/rustwide/target" "-e" "CARGO_INCREMENTAL=0" "-e" "RUST_BACKTRACE=full" "-e" "RUSTFLAGS=--cap-lints=forbid" "-e" "RUSTDOCFLAGS=--cap-lints=forbid" "-e" "CARGO_HOME=/opt/rustwide/cargo-home" "-e" "RUSTUP_HOME=/opt/rustwide/rustup-home" "-w" "/opt/rustwide/workdir" "-m" "1610612736" "--user" "0:0" "--network" "none" "ghcr.io/rust-lang/crates-build-env/linux@sha256:19e73879b68f455e41552ea35293514db52ea292d993f571636dbffedb77a1ee" "/opt/rustwide/cargo-home/bin/cargo" "+e6e4f7ed1589e03bc2f6c5931c1a72e7947e8682" "check" "--frozen" "--all" "--all-targets" "--message-format=json", kill_on_drop: false }`
[INFO] [stdout] 7ee63205c6a565bb2b1148b6b2c6837f6d690d410f17fcbf3149bd87a98dc646
[INFO] running `Command { std: "docker" "start" "-a" "7ee63205c6a565bb2b1148b6b2c6837f6d690d410f17fcbf3149bd87a98dc646", kill_on_drop: false }`
[INFO] [stderr]    Compiling proc-macro2 v1.0.43
[INFO] [stderr]    Compiling quote v1.0.21
[INFO] [stderr]    Compiling unicode-ident v1.0.3
[INFO] [stderr]    Compiling libc v0.2.132
[INFO] [stderr]    Compiling syn v1.0.99
[INFO] [stderr]    Compiling proc-macro-error-attr v1.0.4
[INFO] [stderr]    Compiling proc-macro-error v1.0.4
[INFO] [stderr]     Checking aho-corasick v0.7.19
[INFO] [stderr]    Compiling unicode-segmentation v1.9.0
[INFO] [stderr]     Checking regex-syntax v0.6.27
[INFO] [stderr]     Checking unicode-width v0.1.9
[INFO] [stderr]     Checking humantime v1.3.0
[INFO] [stderr]     Checking textwrap v0.11.0
[INFO] [stderr]    Compiling heck v0.3.3
[INFO] [stderr]     Checking ansi_term v0.12.1
[INFO] [stderr]     Checking termcolor v1.1.3
[INFO] [stderr]     Checking atty v0.2.14
[INFO] [stderr]     Checking clap v2.34.0
[INFO] [stderr]     Checking regex v1.6.0
[INFO] [stderr]     Checking env_logger v0.7.1
[INFO] [stderr]     Checking pretty_env_logger v0.4.0
[INFO] [stderr]    Compiling structopt-derive v0.4.18
[INFO] [stderr]    Compiling mocktopus_macros v0.7.11
[INFO] [stderr]     Checking mocktopus v0.7.11
[INFO] [stdout] error[E0059]: type parameter to bare `FnOnce` trait must be a tuple
[INFO] [stdout]    --> /opt/rustwide/cargo-home/registry/src/index.crates.io-6f17d22bba15001f/mocktopus-0.7.11/src/mocking.rs:100:25
[INFO] [stdout]     |
[INFO] [stdout] 100 | impl<T, O, F: FnOnce<T, Output = O>> Mockable<T, O> for F {
[INFO] [stdout]     |                         ^^^^^^^^^^ the trait `Tuple` is not implemented for `T`
[INFO] [stdout]     |
[INFO] [stdout] note: required by a bound in `FnOnce`
[INFO] [stdout]    --> /rustc/e6e4f7ed1589e03bc2f6c5931c1a72e7947e8682/library/core/src/ops/function.rs:242:1
[INFO] [stdout] help: consider restricting type parameter `T`
[INFO] [stdout]     |
[INFO] [stdout] 100 | impl<T: std::marker::Tuple, O, F: FnOnce<T, Output = O>> Mockable<T, O> for F {
[INFO] [stdout]     |       ++++++++++++++++++++
[INFO] [stdout] 
[INFO] [stdout] 
[INFO] [stdout] error[E0059]: type parameter to bare `FnMut` trait must be a tuple
[INFO] [stdout]    --> /opt/rustwide/cargo-home/registry/src/index.crates.io-6f17d22bba15001f/mocktopus-0.7.11/src/mocking.rs:192:12
[INFO] [stdout]     |
[INFO] [stdout] 192 |         M: FnMut<I, Output = MockResult<I, O>> + 'a,
[INFO] [stdout]     |            ^^^^^^^^^^^^^^^^^^^^^^^^^^^^^^^^^^^ the trait `Tuple` is not implemented for `I`
[INFO] [stdout]     |
[INFO] [stdout] note: required by a bound in `FnMut`
[INFO] [stdout]    --> /rustc/e6e4f7ed1589e03bc2f6c5931c1a72e7947e8682/library/core/src/ops/function.rs:163:1
[INFO] [stdout] help: consider further restricting type parameter `I`
[INFO] [stdout]     |
[INFO] [stdout] 192 |         M: FnMut<I, Output = MockResult<I, O>> + 'a, I: std::marker::Tuple
[INFO] [stdout]     |                                                    ~~~~~~~~~~~~~~~~~~~~~~~
[INFO] [stdout] 
[INFO] [stdout] 
[INFO] [stdout] error[E0059]: type parameter to bare `FnMut` trait must be a tuple
[INFO] [stdout]    --> /opt/rustwide/cargo-home/registry/src/index.crates.io-6f17d22bba15001f/mocktopus-0.7.11/src/mocking.rs:204:12
[INFO] [stdout]     |
[INFO] [stdout] 204 |         M: FnMut<I, Output = MockResult<I, O>>,
[INFO] [stdout]     |            ^^^^^^^^^^^^^^^^^^^^^^^^^^^^^^^^^^^ the trait `Tuple` is not implemented for `I`
[INFO] [stdout]     |
[INFO] [stdout] note: required by a bound in `FnMut`
[INFO] [stdout]    --> /rustc/e6e4f7ed1589e03bc2f6c5931c1a72e7947e8682/library/core/src/ops/function.rs:163:1
[INFO] [stdout] help: consider further restricting type parameter `I`
[INFO] [stdout]     |
[INFO] [stdout] 204 |         M: FnMut<I, Output = MockResult<I, O>>, I: std::marker::Tuple
[INFO] [stdout]     |                                               ~~~~~~~~~~~~~~~~~~~~~~~
[INFO] [stdout] 
[INFO] [stdout] 
[INFO] [stdout] error[E0059]: type parameter to bare `FnMut` trait must be a tuple
[INFO] [stdout]   --> /opt/rustwide/cargo-home/registry/src/index.crates.io-6f17d22bba15001f/mocktopus-0.7.11/src/mocking.rs:45:27
[INFO] [stdout]    |
[INFO] [stdout] 45 |     unsafe fn mock_raw<M: FnMut<T, Output = MockResult<T, O>>>(&self, mock: M);
[INFO] [stdout]    |                           ^^^^^^^^^^^^^^^^^^^^^^^^^^^^^^^^^^^ the trait `Tuple` is not implemented for `T`
[INFO] [stdout]    |
[INFO] [stdout] note: required by a bound in `FnMut`
[INFO] [stdout]   --> /rustc/e6e4f7ed1589e03bc2f6c5931c1a72e7947e8682/library/core/src/ops/function.rs:163:1
[INFO] [stdout] help: consider restricting type parameter `T`
[INFO] [stdout]    |
[INFO] [stdout] 11 | pub trait Mockable<T: std::marker::Tuple, O> {
[INFO] [stdout]    |                     ++++++++++++++++++++
[INFO] [stdout] 
[INFO] [stdout] 
[INFO] [stdout] error[E0059]: type parameter to bare `FnMut` trait must be a tuple
[INFO] [stdout]   --> /opt/rustwide/cargo-home/registry/src/index.crates.io-6f17d22bba15001f/mocktopus-0.7.11/src/mocking.rs:65:21
[INFO] [stdout]    |
[INFO] [stdout] 65 |     fn mock_safe<M: FnMut<T, Output = MockResult<T, O>> + 'static>(&self, mock: M);
[INFO] [stdout]    |                     ^^^^^^^^^^^^^^^^^^^^^^^^^^^^^^^^^^^ the trait `Tuple` is not implemented for `T`
[INFO] [stdout]    |
[INFO] [stdout] note: required by a bound in `FnMut`
[INFO] [stdout]   --> /rustc/e6e4f7ed1589e03bc2f6c5931c1a72e7947e8682/library/core/src/ops/function.rs:163:1
[INFO] [stdout] help: consider restricting type parameter `T`
[INFO] [stdout]    |
[INFO] [stdout] 11 | pub trait Mockable<T: std::marker::Tuple, O> {
[INFO] [stdout]    |                     ++++++++++++++++++++
[INFO] [stdout] 
[INFO] [stdout] 
[INFO] [stdout] error: aborting due to 5 previous errors
[INFO] [stdout] 
[INFO] [stdout] 
[INFO] [stdout] For more information about this error, try `rustc --explain E0059`.
[INFO] [stdout] 
[INFO] [stderr] error: could not compile `mocktopus` (lib) due to 6 previous errors
[INFO] [stderr] warning: build failed, waiting for other jobs to finish...
[INFO] running `Command { std: "docker" "inspect" "7ee63205c6a565bb2b1148b6b2c6837f6d690d410f17fcbf3149bd87a98dc646", kill_on_drop: false }`
[INFO] running `Command { std: "docker" "rm" "-f" "7ee63205c6a565bb2b1148b6b2c6837f6d690d410f17fcbf3149bd87a98dc646", kill_on_drop: false }`
[INFO] [stdout] 7ee63205c6a565bb2b1148b6b2c6837f6d690d410f17fcbf3149bd87a98dc646
